{"id":1117,"date":"2016-06-06T19:37:47","date_gmt":"2016-06-06T17:37:47","guid":{"rendered":"http:\/\/www.heliovolt.de\/wordpress\/?page_id=1117"},"modified":"2016-06-06T19:46:11","modified_gmt":"2016-06-06T17:46:11","slug":"impressum","status":"publish","type":"page","link":"http:\/\/www.heliovolt.de\/wordpress\/impressum\/","title":{"rendered":"Impressum"},"content":{"rendered":"<h1><span style=\"color: #008000;\"><strong>Impressum<\/strong><\/span><\/h1>\n<p>Betreiber der Internetseite <a title=\"www.heliovolt.fr\" href=\"http:\/\/www.heliovolt.fr\">www.heliovolt.de<\/a> :<\/p>\n<p>Heliovolt SARL<\/p>\n<p>UID-Nummer : FR87491607859<\/p>\n<p>Num\u00e9ro SIRET : 49160785900015<\/p>\n<p>Sitz der Gesellschaft :\u00a0 25 rue Principale, F67240 Schirrhoffen, France<\/p>\n<p>T\u00e9l\u00e9phone : +33 3 88 63 64 62\u00a0 Email : info@heliovolt.fr<\/p>\n<p>Verantwortlich f\u00fcr den Inhalt\u00a0 <a title=\"www.heliovolt.fr\" href=\"http:\/\/www.heliovolt.fr\">www.<\/a><a title=\"www.heliovolt.fr\" href=\"http:\/\/www.heliovolt.fr\">heliovolt<\/a><a title=\"www.heliovolt.fr\" href=\"http:\/\/www.heliovolt.fr\">.fde<\/a> ist Eberhard Rudert.<\/p>\n<p><a title=\"www.heliovolt.fr\" href=\"http:\/\/www.heliovolt.fr\">www.<\/a><a title=\"www.heliovolt.fr\" href=\"http:\/\/www.heliovolt.fr\">heliovolt<\/a><a title=\"www.heliovolt.fr\" href=\"http:\/\/www.heliovolt.fr\">.de<\/a> ist registriert bei 1und1.de.<\/p>\n<h2>1. Pr\u00e9sentation de notre site web<\/h2>\n<p>Conform\u00e9ment \u00e0 la loi n\u00b0 2004-2005 du 21 juin 2004 pour la confiance dans l&#8217;\u00e9conomie num\u00e9rique, notre site web cr\u00e9\u00e9 par <a title=\"heliovolt\" href=\"http:\/\/www.heliovolt.fr\">Heliovolt<\/a>, propri\u00e9taire du site <a title=\"heliovolt\" href=\"http:\/\/www.heliovolt.fr\">www.<\/a><a title=\"www.heliovolt.fr\" href=\"http:\/\/www.heliovolt.fr\">heliovolt<\/a><a title=\"heliovolt\" href=\"http:\/\/www.heliovolt.fr\">.de<\/a>, met \u00e0 disposition du public les informations concernant notre entreprise. Eventuellement modifiables, nous vous invitons donc \u00e0 consulter nos mentions l\u00e9gales le plus souvent possible, de mani\u00e8re \u00e0 en prendre connaissance fr\u00e9quemment Le site <a title=\"heliovolt\" href=\"http:\/\/www.heliovolt.fr\">www.<\/a><a title=\"www.heliovolt.fr\" href=\"http:\/\/www.heliovolt.fr\">heliovolt<\/a><a title=\"heliovolt\" href=\"http:\/\/www.heliovolt.fr\">.fr<\/a> appartient \u00e0 HelioVolt &#8211; SARL, dont le si\u00e8ge social est situ\u00e9 \u00e0 l&#8217;adresse suivante : 25 rue Principale, 67240 Schirrhoffen. Personne physique ou morale, Eberhard RUDERT est responsable de la publication, dont l&#8217;adresse e-mail est la suivante : <a href=\"mailto:info@heliovolt.fr\">info@heliovolt.de<\/a> Le webmaster, Eberhard RUDERT, est responsable de l&#8217;administration du site, dont l&#8217;adresse e-mail est la suivante : <a href=\"mailto:info@heliovolt.fr\">info@heliovolt.de<\/a>. Les mentions l\u00e9gales pr\u00e9sentes sur ce site Internet ont \u00e9t\u00e9 g\u00e9n\u00e9r\u00e9es et offertes par <a title=\"G7design | Web &amp; Print Agency\" href=\"http:\/\/www.g7design.fr\">l&#8217;agence de communication web G7design<\/a>, situ\u00e9 au 11 rue Parmentier \u00e0 Nice, et r\u00e9dig\u00e9es par <a title=\"Agence redacteur-contenu-web.com\" href=\"http:\/\/www.redacteur-contenu-web.com\">Alexandre Montenon<\/a>, de l&#8217;agence <a href=\"http:\/\/www.redacteur-contenu-web.com\">redacteur-contenu-web.com<\/a>. Le site <a title=\"heliovolt\" href=\"http:\/\/www.heliovolt.fr\">www.<\/a><a title=\"www.heliovolt.fr\" href=\"http:\/\/www.heliovolt.fr\">heliovolt<\/a><a title=\"heliovolt\" href=\"http:\/\/www.heliovolt.fr\">e.fr<\/a> est enregistr\u00e9 par 1and1.fr et h\u00e9berg\u00e9 par 1und1.de.<\/p>\n<h2>2. Conditions g\u00e9n\u00e9rales d\u2019utilisation du site et des services propos\u00e9s.<\/h2>\n<p>En utilisant notre site web <a title=\"heliovolt\" href=\"http:\/\/www.heliovolt.fr\">www.<\/a><a title=\"www.heliovolt.fr\" href=\"http:\/\/www.heliovolt.fr\">heliovolt<\/a><a title=\"heliovolt\" href=\"http:\/\/www.heliovolt.fr\">.fr<\/a>, vous acceptez pleinement et enti\u00e8rement les conditions g\u00e9n\u00e9rales d&#8217;utilisation pr\u00e9cis\u00e9es dans nos mentions l\u00e9gales. Accessible \u00e0 tout type de visiteurs, il est important de pr\u00e9ciser toutefois qu&#8217;une interruption pour maintenance du site web peut-\u00eatre d\u00e9cid\u00e9e par Heliovolt. Les dates et heures d&#8217;interruptions seront n\u00e9anmoins pr\u00e9cis\u00e9es \u00e0 l&#8217;avance aux utilisateurs.<\/p>\n<h2>3. Les produits ou services propos\u00e9s par <a title=\"heliovolt\" href=\"http:\/\/www.heliovolt.fr\">www.<\/a><a title=\"www.heliovolt.fr\" href=\"http:\/\/www.heliovolt.fr\">heliovolt<\/a><a title=\"heliovolt\" href=\"http:\/\/www.heliovolt.fr\">.fr<\/a><\/h2>\n<p>En accord avec sa politique de communication, le site <a title=\"heliovolt\" href=\"http:\/\/www.heliovolt.fr\">www.<\/a><a title=\"www.heliovolt.fr\" href=\"http:\/\/www.heliovolt.fr\">heliovolt<\/a><a title=\"heliovolt\" href=\"http:\/\/www.heliovolt.fr\">.fr<\/a> a pour vocation d&#8217;informer les utilisateurs sur les services propos\u00e9s par Heliovolt, qui s&#8217;efforce alors de fournir des informations pr\u00e9cises sur son activit\u00e9. Cependant, des inexactitudes ou des omissions peuvent exister : la soci\u00e9t\u00e9 ne pourra en aucun cas \u00eatre tenue pour responsable pour toute erreur pr\u00e9sente sur le site <a title=\"heliovolt\" href=\"http:\/\/www.heliovolt.fr\">www.<\/a><a title=\"www.heliovolt.fr\" href=\"http:\/\/www.heliovolt.fr\">heliovolt<\/a><a title=\"heliovolt\" href=\"http:\/\/www.heliovolt.fr\">.fr<\/a>.<\/p>\n<h2>4. Limitations contractuelles<\/h2>\n<p>Les informations retranscrites sur notre site web <a title=\"heliovolt\" href=\"http:\/\/www.heliovolt.fr\">www.heliovolt.fr<\/a> font l\u2019objet de d\u00e9marches qualitatives, en vue de nous assurer de leur fiabilit\u00e9. Cependant, nous ne pourrons encourir de responsabilit\u00e9s en cas d\u2019inexactitudes techniques lors de nos explications. Si vous constatez une erreur concernant des informations que nous auront pu omettre, n\u2019h\u00e9sitez pas \u00e0 nous le signaler par mail \u00e0 info@heliovolt.fr <a href=\"&quot;mailto:info@heliovolt.fr&lt;\/a\">.<\/a> Les liens reli\u00e9s directement ou indirectement \u00e0 notre site web <a title=\"heliovolt\" href=\"http:\/\/www.heliovolt.fr\">www.<\/a><a title=\"www.heliovolt.fr\" href=\"http:\/\/www.heliovolt.fr\">heliovolt<\/a><a title=\"heliovolt\" href=\"http:\/\/www.heliovolt.fr\">.fr<\/a> ne sont pas sous le contr\u00f4le de notre soci\u00e9t\u00e9. Par cons\u00e9quent, nous ne pouvons nous assurer de l\u2019exactitude des informations pr\u00e9sentes sur ces autres sites Internet. Utilisant la technologie JavaScript, le site <a title=\"heliovolt\" href=\"http:\/\/www.heliovolt.fr\">www.<\/a><a title=\"www.heliovolt.fr\" href=\"http:\/\/www.heliovolt.fr\">heliovolt<\/a><a title=\"heliovolt\" href=\"http:\/\/www.heliovolt.fr\">.fr<\/a> ne pourra \u00eatre tenu pour responsable en cas de dommages mat\u00e9riels li\u00e9s \u00e0 son utilisation. Par ailleurs, toute autre type de cons\u00e9quence li\u00e9e \u00e0 l&#8217;exploitation du site <a title=\"heliovolt\" href=\"http:\/\/www.heliovolt.fr\">www.<\/a><a title=\"www.heliovolt.fr\" href=\"http:\/\/www.heliovolt.fr\">heliovolt<\/a><a title=\"heliovolt\" href=\"http:\/\/www.heliovolt.fr\">.fr<\/a>, qu&#8217;elle soit direct ou indirect (bug, incompatibilit\u00e9, virus, perte de march\u00e9, etc.).<\/p>\n<h2>5. Propri\u00e9t\u00e9 intellectuelle et contenu du site Internet<\/h2>\n<p>Le contenu r\u00e9dactionnel du site web <a title=\"heliovolt\" href=\"http:\/\/www.heliovolt.fr\">www.<\/a><a title=\"www.heliovolt.fr\" href=\"http:\/\/www.heliovolt.fr\">heliovolt<\/a><a title=\"heliovolt\" href=\"http:\/\/www.heliovolt.fr\">.fr<\/a> appartient exclusivement \u00e0 Heliovolt. Toute violation des droits d\u2019auteur est sanctionn\u00e9e par l\u2019article L.335-2 du Code de la Propri\u00e9t\u00e9 Intellectuelle, avec une peine encourue de 2 ans d\u2019emprisonnement et de 150 000\u20ac d\u2019amende Le site <a title=\"heliovolt\" href=\"http:\/\/www.heliovolt.fr\">www.<\/a><a title=\"www.heliovolt.fr\" href=\"http:\/\/www.heliovolt.fr\">heliovolt<\/a><a title=\"heliovolt\" href=\"http:\/\/www.heliovolt.fr\">.fr<\/a> ne pourra \u00eatre mis en cause en cas de propos injurieux, \u00e0 caract\u00e8re raciste, diffamant ou pornographique, \u00e9chang\u00e9s sur les espaces interactifs. La soci\u00e9t\u00e9 se r\u00e9serve \u00e9galement le droit de supprimer tout contenu contraire aux valeurs de l&#8217;entreprise ou \u00e0 la l\u00e9gislation applicable en France. En naviguant sur le site <a title=\"heliovolt\" href=\"http:\/\/www.heliovolt.fr\">www.<\/a><a title=\"www.heliovolt.fr\" href=\"http:\/\/www.heliovolt.fr\">heliovolt<\/a><a title=\"heliovolt\" href=\"http:\/\/www.heliovolt.fr\">.fr<\/a>, l&#8217;utilisateur accepte \u00e9galement l&#8217;installation de cookies \u00e9ventuelle sur son ordinateur.<\/p>\n<h2>6. Donn\u00e9es personnelles, respect de votre vie priv\u00e9e et de vos libert\u00e9s<\/h2>\n<p>Toute informations recueillie sur le site web <a title=\"heliovolt\" href=\"http:\/\/www.heliovolt.fr\">www.<\/a><a title=\"www.heliovolt.fr\" href=\"http:\/\/www.heliovolt.fr\">heliovolt<\/a><a title=\"heliovolt\" href=\"http:\/\/www.heliovolt.fr\">.fr<\/a> se font dans le cadre des besoins li\u00e9s \u00e0 l&#8217;utilisation de notre plateforme, tels que le formulaire de commande ou la demande d&#8217;inscription \u00e0 la Newsletter. Par ailleurs, le d\u00e9sabonnement de la Newsletter se fait gr\u00e2ce au lien situ\u00e9 en pied de page. Heliovolt s&#8217;engage \u00e0 ne c\u00e9der en aucun cas les informations concernant les utilisateurs du site Internet, de quelque fa\u00e7on qu&#8217;il soit (vente, \u00e9change, pr\u00eat, location, don). Conform\u00e9ment \u00e0 la loi \u00ab informatique et libert\u00e9s \u00bb du 6 janvier 1978 modifi\u00e9e en 2004, l\u2019utilisateur b\u00e9n\u00e9ficie d\u2019un droit d\u2019acc\u00e8s et de rectification aux informations le concernant, droit qu\u2019il peut exercer \u00e0 tout moment en adressant un mail \u00e0 l\u2019adresse <a href=\"&quot;mailto:info@heliovolt.fr&lt;\/a\">, ou en effectuant sa demande par courrier, \u00e0 l\u2019adresse suivante : 25 rue Principale, 67240 Schirrhoffen.<\/a><\/p>\n<h2>7. Droit applicable et lois concern\u00e9es<\/h2>\n<p>Soumis au droit fran\u00e7ais, le site web <a title=\"heliovolt\" href=\"http:\/\/www.heliovolt.fr\">www.<\/a><a title=\"www.heliovolt.fr\" href=\"http:\/\/www.heliovolt.fr\">heliovolt<\/a><a title=\"heliovolt\" href=\"http:\/\/www.heliovolt.fr\">.fr<\/a> est encadr\u00e9 par la loi n\u00b0 2004-2005 du 21 juin 2004 pour la confiance dans l&#8217;\u00e9conomie num\u00e9rique, l\u2019article L.335-2 du Code de la Propri\u00e9t\u00e9 Intellectuelle et la loi \u00ab informatique et libert\u00e9s \u00bb du 6 janvier 1978 modifi\u00e9e en 2004.<\/p>\n<p><!--letzte Zeile Tabelle noch mal unsere Mails --><\/p>\n<h3>&#8212;&#8212;&#8212;-&gt; Pour nous contacter utilisez le lien suivant : &#8212;&#8212;&#8211;&gt;<\/h3>\n<p><a style=\"font-size: 14px;\" href=\"mailto:info@heliovolt.fr\">mailto:info@heliovolt.fr<\/a><\/p>\n","protected":false},"excerpt":{"rendered":"<p>Impressum Betreiber der Internetseite www.heliovolt.de : Heliovolt SARL UID-Nummer : FR87491607859 Num\u00e9ro SIRET : 49160785900015 Sitz der Gesellschaft :\u00a0 25 rue Principale, [&hellip;]<\/p>\n","protected":false},"author":1,"featured_media":0,"parent":0,"menu_order":0,"comment_status":"closed","ping_status":"closed","template":"","meta":{"footnotes":""},"class_list":["post-1117","page","type-page","status-publish","hentry"],"yoast_head":"<!-- This site is optimized with the Yoast SEO plugin v27.4 - https:\/\/yoast.com\/product\/yoast-seo-wordpress\/ -->\n<title>Impressum - HELIOVOLT<\/title>\n<meta name=\"robots\" content=\"index, follow, max-snippet:-1, max-image-preview:large, max-video-preview:-1\" \/>\n<link rel=\"canonical\" href=\"http:\/\/www.heliovolt.de\/wordpress\/impressum\/\" \/>\n<meta property=\"og:locale\" content=\"de_DE\" \/>\n<meta property=\"og:type\" content=\"article\" \/>\n<meta property=\"og:title\" content=\"Impressum - HELIOVOLT\" \/>\n<meta property=\"og:description\" content=\"Impressum Betreiber der Internetseite www.heliovolt.de : Heliovolt SARL UID-Nummer : FR87491607859 Num\u00e9ro SIRET : 49160785900015 Sitz der Gesellschaft :\u00a0 25 rue Principale, [&hellip;]\" \/>\n<meta property=\"og:url\" content=\"http:\/\/www.heliovolt.de\/wordpress\/impressum\/\" \/>\n<meta property=\"og:site_name\" content=\"HELIOVOLT\" \/>\n<meta property=\"article:modified_time\" content=\"2016-06-06T17:46:11+00:00\" \/>\n<meta name=\"twitter:label1\" content=\"Gesch\u00e4tzte Lesezeit\" \/>\n\t<meta name=\"twitter:data1\" content=\"5\u00a0Minuten\" \/>\n<script type=\"application\/ld+json\" class=\"yoast-schema-graph\">{\"@context\":\"https:\\\/\\\/schema.org\",\"@graph\":[{\"@type\":\"WebPage\",\"@id\":\"http:\\\/\\\/www.heliovolt.de\\\/wordpress\\\/impressum\\\/\",\"url\":\"http:\\\/\\\/www.heliovolt.de\\\/wordpress\\\/impressum\\\/\",\"name\":\"Impressum - HELIOVOLT\",\"isPartOf\":{\"@id\":\"http:\\\/\\\/www.heliovolt.de\\\/wordpress\\\/#website\"},\"datePublished\":\"2016-06-06T17:37:47+00:00\",\"dateModified\":\"2016-06-06T17:46:11+00:00\",\"inLanguage\":\"de\",\"potentialAction\":[{\"@type\":\"ReadAction\",\"target\":[\"http:\\\/\\\/www.heliovolt.de\\\/wordpress\\\/impressum\\\/\"]}]},{\"@type\":\"WebSite\",\"@id\":\"http:\\\/\\\/www.heliovolt.de\\\/wordpress\\\/#website\",\"url\":\"http:\\\/\\\/www.heliovolt.de\\\/wordpress\\\/\",\"name\":\"HELIOVOLT\",\"description\":\"Planungsb\u00fcro Erneuerbare Energie - Energiekonzepte\",\"publisher\":{\"@id\":\"http:\\\/\\\/www.heliovolt.de\\\/wordpress\\\/#organization\"},\"potentialAction\":[{\"@type\":\"SearchAction\",\"target\":{\"@type\":\"EntryPoint\",\"urlTemplate\":\"http:\\\/\\\/www.heliovolt.de\\\/wordpress\\\/?s={search_term_string}\"},\"query-input\":{\"@type\":\"PropertyValueSpecification\",\"valueRequired\":true,\"valueName\":\"search_term_string\"}}],\"inLanguage\":\"de\"},{\"@type\":\"Organization\",\"@id\":\"http:\\\/\\\/www.heliovolt.de\\\/wordpress\\\/#organization\",\"name\":\"HELIOVOLT Sarl\",\"url\":\"http:\\\/\\\/www.heliovolt.de\\\/wordpress\\\/\",\"logo\":{\"@type\":\"ImageObject\",\"inLanguage\":\"de\",\"@id\":\"http:\\\/\\\/www.heliovolt.de\\\/wordpress\\\/#\\\/schema\\\/logo\\\/image\\\/\",\"url\":\"http:\\\/\\\/www.heliovolt.de\\\/wordpress\\\/wp-content\\\/uploads\\\/2020\\\/03\\\/Heliovolt_Logo_transparent_D-scaled-1.png\",\"contentUrl\":\"http:\\\/\\\/www.heliovolt.de\\\/wordpress\\\/wp-content\\\/uploads\\\/2020\\\/03\\\/Heliovolt_Logo_transparent_D-scaled-1.png\",\"width\":2560,\"height\":853,\"caption\":\"HELIOVOLT Sarl\"},\"image\":{\"@id\":\"http:\\\/\\\/www.heliovolt.de\\\/wordpress\\\/#\\\/schema\\\/logo\\\/image\\\/\"}}]}<\/script>\n<!-- \/ Yoast SEO plugin. -->","yoast_head_json":{"title":"Impressum - HELIOVOLT","robots":{"index":"index","follow":"follow","max-snippet":"max-snippet:-1","max-image-preview":"max-image-preview:large","max-video-preview":"max-video-preview:-1"},"canonical":"http:\/\/www.heliovolt.de\/wordpress\/impressum\/","og_locale":"de_DE","og_type":"article","og_title":"Impressum - HELIOVOLT","og_description":"Impressum Betreiber der Internetseite www.heliovolt.de : Heliovolt SARL UID-Nummer : FR87491607859 Num\u00e9ro SIRET : 49160785900015 Sitz der Gesellschaft :\u00a0 25 rue Principale, [&hellip;]","og_url":"http:\/\/www.heliovolt.de\/wordpress\/impressum\/","og_site_name":"HELIOVOLT","article_modified_time":"2016-06-06T17:46:11+00:00","twitter_misc":{"Gesch\u00e4tzte Lesezeit":"5\u00a0Minuten"},"schema":{"@context":"https:\/\/schema.org","@graph":[{"@type":"WebPage","@id":"http:\/\/www.heliovolt.de\/wordpress\/impressum\/","url":"http:\/\/www.heliovolt.de\/wordpress\/impressum\/","name":"Impressum - HELIOVOLT","isPartOf":{"@id":"http:\/\/www.heliovolt.de\/wordpress\/#website"},"datePublished":"2016-06-06T17:37:47+00:00","dateModified":"2016-06-06T17:46:11+00:00","inLanguage":"de","potentialAction":[{"@type":"ReadAction","target":["http:\/\/www.heliovolt.de\/wordpress\/impressum\/"]}]},{"@type":"WebSite","@id":"http:\/\/www.heliovolt.de\/wordpress\/#website","url":"http:\/\/www.heliovolt.de\/wordpress\/","name":"HELIOVOLT","description":"Planungsb\u00fcro Erneuerbare Energie - Energiekonzepte","publisher":{"@id":"http:\/\/www.heliovolt.de\/wordpress\/#organization"},"potentialAction":[{"@type":"SearchAction","target":{"@type":"EntryPoint","urlTemplate":"http:\/\/www.heliovolt.de\/wordpress\/?s={search_term_string}"},"query-input":{"@type":"PropertyValueSpecification","valueRequired":true,"valueName":"search_term_string"}}],"inLanguage":"de"},{"@type":"Organization","@id":"http:\/\/www.heliovolt.de\/wordpress\/#organization","name":"HELIOVOLT Sarl","url":"http:\/\/www.heliovolt.de\/wordpress\/","logo":{"@type":"ImageObject","inLanguage":"de","@id":"http:\/\/www.heliovolt.de\/wordpress\/#\/schema\/logo\/image\/","url":"http:\/\/www.heliovolt.de\/wordpress\/wp-content\/uploads\/2020\/03\/Heliovolt_Logo_transparent_D-scaled-1.png","contentUrl":"http:\/\/www.heliovolt.de\/wordpress\/wp-content\/uploads\/2020\/03\/Heliovolt_Logo_transparent_D-scaled-1.png","width":2560,"height":853,"caption":"HELIOVOLT Sarl"},"image":{"@id":"http:\/\/www.heliovolt.de\/wordpress\/#\/schema\/logo\/image\/"}}]}},"_links":{"self":[{"href":"http:\/\/www.heliovolt.de\/wordpress\/wp-json\/wp\/v2\/pages\/1117","targetHints":{"allow":["GET"]}}],"collection":[{"href":"http:\/\/www.heliovolt.de\/wordpress\/wp-json\/wp\/v2\/pages"}],"about":[{"href":"http:\/\/www.heliovolt.de\/wordpress\/wp-json\/wp\/v2\/types\/page"}],"author":[{"embeddable":true,"href":"http:\/\/www.heliovolt.de\/wordpress\/wp-json\/wp\/v2\/users\/1"}],"replies":[{"embeddable":true,"href":"http:\/\/www.heliovolt.de\/wordpress\/wp-json\/wp\/v2\/comments?post=1117"}],"version-history":[{"count":4,"href":"http:\/\/www.heliovolt.de\/wordpress\/wp-json\/wp\/v2\/pages\/1117\/revisions"}],"predecessor-version":[{"id":1122,"href":"http:\/\/www.heliovolt.de\/wordpress\/wp-json\/wp\/v2\/pages\/1117\/revisions\/1122"}],"wp:attachment":[{"href":"http:\/\/www.heliovolt.de\/wordpress\/wp-json\/wp\/v2\/media?parent=1117"}],"curies":[{"name":"wp","href":"https:\/\/api.w.org\/{rel}","templated":true}]}}