{"id":1351,"date":"2020-08-06T11:16:06","date_gmt":"2020-08-06T09:16:06","guid":{"rendered":"http:\/\/www.heliovolt.de\/wordpress\/?page_id=1351"},"modified":"2020-09-13T18:48:02","modified_gmt":"2020-09-13T16:48:02","slug":"solare-hybride","status":"publish","type":"page","link":"http:\/\/www.heliovolt.de\/wordpress\/solare-hybride\/","title":{"rendered":"Solare Hybride"},"content":{"rendered":"\t\t<div data-elementor-type=\"wp-page\" data-elementor-id=\"1351\" class=\"elementor elementor-1351\">\n\t\t\t\t\t\t<section class=\"elementor-section elementor-top-section elementor-element elementor-element-8eb5a40 elementor-section-boxed elementor-section-height-default elementor-section-height-default\" data-id=\"8eb5a40\" data-element_type=\"section\">\n\t\t\t\t\t\t<div class=\"elementor-container elementor-column-gap-default\">\n\t\t\t\t\t<div class=\"elementor-column elementor-col-50 elementor-top-column elementor-element elementor-element-558d945\" data-id=\"558d945\" data-element_type=\"column\">\n\t\t\t<div class=\"elementor-widget-wrap elementor-element-populated\">\n\t\t\t\t\t\t<div class=\"elementor-element elementor-element-5bf7a35 elementor-widget elementor-widget-text-editor\" data-id=\"5bf7a35\" data-element_type=\"widget\" data-widget_type=\"text-editor.default\">\n\t\t\t\t<div class=\"elementor-widget-container\">\n\t\t\t\t\t\t\t<p>Darunter versteht man Solarmodule, die bei Erzeugung von Strom auch gleichzeitig W\u00e4rme erzeugen k\u00f6nnen. Dazu wird die auf der Oberfl\u00e4che des Moduls entstehende W\u00e4rme auf der Modulr\u00fcckseite von einem W\u00e4rmetr\u00e4ger abgeleitet, und zur Nutzung\u00a0 bereitgestellt.<\/p>\t\t\t\t\t\t<\/div>\n\t\t\t\t<\/div>\n\t\t\t\t<div class=\"elementor-element elementor-element-6b29a0e elementor-widget elementor-widget-image\" data-id=\"6b29a0e\" data-element_type=\"widget\" data-widget_type=\"image.default\">\n\t\t\t\t<div class=\"elementor-widget-container\">\n\t\t\t\t\t\t\t\t\t\t<figure class=\"wp-caption\">\n\t\t\t\t\t\t\t\t\t\t<img fetchpriority=\"high\" decoding=\"async\" width=\"1024\" height=\"410\" src=\"http:\/\/www.heliovolt.de\/wordpress\/wp-content\/uploads\/2020\/09\/2Power_Querschnitt-1024x410.jpg\" class=\"attachment-large size-large wp-image-1521\" alt=\"\" srcset=\"http:\/\/www.heliovolt.de\/wordpress\/wp-content\/uploads\/2020\/09\/2Power_Querschnitt-1024x410.jpg 1024w, http:\/\/www.heliovolt.de\/wordpress\/wp-content\/uploads\/2020\/09\/2Power_Querschnitt-300x120.jpg 300w, http:\/\/www.heliovolt.de\/wordpress\/wp-content\/uploads\/2020\/09\/2Power_Querschnitt-768x307.jpg 768w, http:\/\/www.heliovolt.de\/wordpress\/wp-content\/uploads\/2020\/09\/2Power_Querschnitt-1536x614.jpg 1536w, http:\/\/www.heliovolt.de\/wordpress\/wp-content\/uploads\/2020\/09\/2Power_Querschnitt-830x332.jpg 830w, http:\/\/www.heliovolt.de\/wordpress\/wp-content\/uploads\/2020\/09\/2Power_Querschnitt-230x92.jpg 230w, http:\/\/www.heliovolt.de\/wordpress\/wp-content\/uploads\/2020\/09\/2Power_Querschnitt-350x140.jpg 350w, http:\/\/www.heliovolt.de\/wordpress\/wp-content\/uploads\/2020\/09\/2Power_Querschnitt-480x192.jpg 480w, http:\/\/www.heliovolt.de\/wordpress\/wp-content\/uploads\/2020\/09\/2Power_Querschnitt.jpg 1890w\" sizes=\"(max-width: 1024px) 100vw, 1024px\" \/>\t\t\t\t\t\t\t\t\t\t\t<figcaption class=\"widget-image-caption wp-caption-text\">2-POWER Prinzip<\/figcaption>\n\t\t\t\t\t\t\t\t\t\t<\/figure>\n\t\t\t\t\t\t\t<\/div>\n\t\t\t\t<\/div>\n\t\t\t\t<div class=\"elementor-element elementor-element-fcc297b elementor-widget elementor-widget-text-editor\" data-id=\"fcc297b\" data-element_type=\"widget\" data-widget_type=\"text-editor.default\">\n\t\t\t\t<div class=\"elementor-widget-container\">\n\t\t\t\t\t\t\t<p>SYSTOVI\u00a0 R-VOLT<\/p>\t\t\t\t\t\t<\/div>\n\t\t\t\t<\/div>\n\t\t\t\t<div class=\"elementor-element elementor-element-4d8fb3e elementor-widget elementor-widget-image\" data-id=\"4d8fb3e\" data-element_type=\"widget\" data-widget_type=\"image.default\">\n\t\t\t\t<div class=\"elementor-widget-container\">\n\t\t\t\t\t\t\t\t\t\t<figure class=\"wp-caption\">\n\t\t\t\t\t\t\t\t\t\t\t<a href=\"http:\/\/www.heliovolt.de\/wordpress\/wp-content\/uploads\/2020\/09\/R-VOLT_PrinZip.png\" data-elementor-open-lightbox=\"yes\" data-elementor-lightbox-title=\"R-VOLT_PrinZip\" data-e-action-hash=\"#elementor-action%3Aaction%3Dlightbox%26settings%3DeyJpZCI6MTUyMywidXJsIjoiaHR0cDpcL1wvd3d3LmhlbGlvdm9sdC5kZVwvd29yZHByZXNzXC93cC1jb250ZW50XC91cGxvYWRzXC8yMDIwXC8wOVwvUi1WT0xUX1ByaW5aaXAucG5nIn0%3D\">\n\t\t\t\t\t\t\t<img decoding=\"async\" width=\"687\" height=\"662\" src=\"http:\/\/www.heliovolt.de\/wordpress\/wp-content\/uploads\/2020\/09\/R-VOLT_PrinZip.png\" class=\"attachment-large size-large wp-image-1523\" alt=\"\" srcset=\"http:\/\/www.heliovolt.de\/wordpress\/wp-content\/uploads\/2020\/09\/R-VOLT_PrinZip.png 687w, http:\/\/www.heliovolt.de\/wordpress\/wp-content\/uploads\/2020\/09\/R-VOLT_PrinZip-300x289.png 300w, http:\/\/www.heliovolt.de\/wordpress\/wp-content\/uploads\/2020\/09\/R-VOLT_PrinZip-230x222.png 230w, http:\/\/www.heliovolt.de\/wordpress\/wp-content\/uploads\/2020\/09\/R-VOLT_PrinZip-350x337.png 350w, http:\/\/www.heliovolt.de\/wordpress\/wp-content\/uploads\/2020\/09\/R-VOLT_PrinZip-480x463.png 480w\" sizes=\"(max-width: 687px) 100vw, 687px\" \/>\t\t\t\t\t\t\t\t<\/a>\n\t\t\t\t\t\t\t\t\t\t\t<figcaption class=\"widget-image-caption wp-caption-text\">R_VOLT von SYSTOVI<\/figcaption>\n\t\t\t\t\t\t\t\t\t\t<\/figure>\n\t\t\t\t\t\t\t<\/div>\n\t\t\t\t<\/div>\n\t\t\t\t\t<\/div>\n\t\t<\/div>\n\t\t\t\t<div class=\"elementor-column elementor-col-50 elementor-top-column elementor-element elementor-element-c64c2aa\" data-id=\"c64c2aa\" data-element_type=\"column\">\n\t\t\t<div class=\"elementor-widget-wrap elementor-element-populated\">\n\t\t\t\t\t\t<div class=\"elementor-element elementor-element-a6b4876 elementor-widget elementor-widget-text-editor\" data-id=\"a6b4876\" data-element_type=\"widget\" data-widget_type=\"text-editor.default\">\n\t\t\t\t<div class=\"elementor-widget-container\">\n\t\t\t\t\t\t\t<h5><strong>Dabei gibt es folgende M\u00f6glichkeiten:<\/strong><\/h5><p><strong>1. es wird eine fl\u00fcssigkeitsf\u00fchrende Schicht<\/strong> hinter dem Modulglas angebracht, die \u00e4hnlich wirkt wie ein konventioneller Solar-Kollektor. Dazu wird zum Frostschutz Glykol ben\u00f6tigt. Die dabei erreichbaren Temperaturen sind etwa bei 55 \u00b0C maximal, und werden meist einer W\u00e4rmepumpe zur weiteren Ausnutzung zugef\u00fchrt.. Diese Systeme m\u00fcssen von Solarteuren eingebaut werden, die sich auch im Hydraulikbereich sicher f\u00fchlen.<\/p><p><span style=\"text-decoration: underline;\">Systeme:<\/span>\u00a0 Fabrikant NELSKAMP, Produkt 2-POWER<\/p><p><strong>2. die hinter den Modulen entstehende Warmluft<\/strong> wird \u00fcber ein dichtes Ventilationssystem direkt zur Wohnraumheizung eingesetzt. Durch Mischung mit kalter Frischluft wird die im Innenraum gew\u00fcnschte Heizlufttemperatur im Rahmen bis zu etwa 50 \u00b0C maximal erreicht. Durch den Einsatz von Luft wird \u00dcberhitzung im Sommer vermieden, die Module werden gek\u00fchlt, durch den Wegfall von Glykol wird das System weniger st\u00f6ranf\u00e4llig und \u00f6kologischer.<\/p><p><span style=\"text-decoration: underline;\">Systeme :<\/span> Fabrikant SYSTOVI , Produkt\u00a0 R-VOLT<\/p>\t\t\t\t\t\t<\/div>\n\t\t\t\t<\/div>\n\t\t\t\t\t<\/div>\n\t\t<\/div>\n\t\t\t\t\t<\/div>\n\t\t<\/section>\n\t\t\t\t<section class=\"elementor-section elementor-top-section elementor-element elementor-element-699ac29 elementor-section-boxed elementor-section-height-default elementor-section-height-default\" data-id=\"699ac29\" data-element_type=\"section\">\n\t\t\t\t\t\t<div class=\"elementor-container elementor-column-gap-default\">\n\t\t\t\t\t<div class=\"elementor-column elementor-col-50 elementor-top-column elementor-element elementor-element-ec2f642\" data-id=\"ec2f642\" data-element_type=\"column\">\n\t\t\t<div class=\"elementor-widget-wrap elementor-element-populated\">\n\t\t\t\t\t\t<div class=\"elementor-element elementor-element-4e2cd4c elementor-widget elementor-widget-text-editor\" data-id=\"4e2cd4c\" data-element_type=\"widget\" data-widget_type=\"text-editor.default\">\n\t\t\t\t<div class=\"elementor-widget-container\">\n\t\t\t\t\t\t\t<p>Wir beraten Sie gerne sollten Sie an diesen Produkten Interesse haben, auch hier l\u00e4\u00dft sich eine Kosten-Nutzen-Rechnung aufstellen, sowie eine CO<sub>2 <\/sub>&#8211; Reduktion f\u00fcr Heizung und Stromerzeugung belegen.<\/p>\t\t\t\t\t\t<\/div>\n\t\t\t\t<\/div>\n\t\t\t\t\t<\/div>\n\t\t<\/div>\n\t\t\t\t<div class=\"elementor-column elementor-col-50 elementor-top-column elementor-element elementor-element-c9c1c8c\" data-id=\"c9c1c8c\" data-element_type=\"column\">\n\t\t\t<div class=\"elementor-widget-wrap elementor-element-populated\">\n\t\t\t\t\t\t<div class=\"elementor-element elementor-element-a7b5911 elementor-widget elementor-widget-text-editor\" data-id=\"a7b5911\" data-element_type=\"widget\" data-widget_type=\"text-editor.default\">\n\t\t\t\t<div class=\"elementor-widget-container\">\n\t\t\t\t\t\t\t<p><strong>Installateure:<\/strong><\/p><p>Diese Produkte bietet eine hohe Innovationskraft, die Sie zum Wohle Ihrer Firma einsetzen k\u00f6nnen. Wir sind von der Firma SYSTOVI beauftragt, diese Produkte in Deutschland zu vertreiben.<\/p><p>Z\u00f6gern Sie also nicht uns anzufragen, die Konditionen sind sehr vorteilhaft, f\u00fcr Sie und Ihre Kunden.<\/p>\t\t\t\t\t\t<\/div>\n\t\t\t\t<\/div>\n\t\t\t\t\t<\/div>\n\t\t<\/div>\n\t\t\t\t\t<\/div>\n\t\t<\/section>\n\t\t\t\t<\/div>\n\t\t","protected":false},"excerpt":{"rendered":"<p>Darunter versteht man Solarmodule, die bei Erzeugung von Strom auch gleichzeitig W\u00e4rme erzeugen k\u00f6nnen. Dazu wird die auf der Oberfl\u00e4che des Moduls [&hellip;]<\/p>\n","protected":false},"author":1,"featured_media":0,"parent":0,"menu_order":0,"comment_status":"closed","ping_status":"closed","template":"","meta":{"footnotes":""},"class_list":["post-1351","page","type-page","status-publish","hentry"],"yoast_head":"<!-- This site is optimized with the Yoast SEO plugin v27.4 - https:\/\/yoast.com\/product\/yoast-seo-wordpress\/ -->\n<title>Solare Hybride - HELIOVOLT<\/title>\n<meta name=\"robots\" content=\"index, follow, max-snippet:-1, max-image-preview:large, max-video-preview:-1\" \/>\n<link rel=\"canonical\" href=\"http:\/\/www.heliovolt.de\/wordpress\/solare-hybride\/\" \/>\n<meta property=\"og:locale\" content=\"de_DE\" \/>\n<meta property=\"og:type\" content=\"article\" \/>\n<meta property=\"og:title\" content=\"Solare Hybride - HELIOVOLT\" \/>\n<meta property=\"og:description\" content=\"Darunter versteht man Solarmodule, die bei Erzeugung von Strom auch gleichzeitig W\u00e4rme erzeugen k\u00f6nnen. Dazu wird die auf der Oberfl\u00e4che des Moduls [&hellip;]\" \/>\n<meta property=\"og:url\" content=\"http:\/\/www.heliovolt.de\/wordpress\/solare-hybride\/\" \/>\n<meta property=\"og:site_name\" content=\"HELIOVOLT\" \/>\n<meta property=\"article:modified_time\" content=\"2020-09-13T16:48:02+00:00\" \/>\n<meta property=\"og:image\" content=\"http:\/\/www.heliovolt.de\/wordpress\/wp-content\/uploads\/2020\/09\/2Power_Querschnitt-1024x410.jpg\" \/>\n<meta name=\"twitter:label1\" content=\"Gesch\u00e4tzte Lesezeit\" \/>\n\t<meta name=\"twitter:data1\" content=\"1\u00a0Minute\" \/>\n<script type=\"application\/ld+json\" class=\"yoast-schema-graph\">{\"@context\":\"https:\\\/\\\/schema.org\",\"@graph\":[{\"@type\":\"WebPage\",\"@id\":\"http:\\\/\\\/www.heliovolt.de\\\/wordpress\\\/solare-hybride\\\/\",\"url\":\"http:\\\/\\\/www.heliovolt.de\\\/wordpress\\\/solare-hybride\\\/\",\"name\":\"Solare Hybride - HELIOVOLT\",\"isPartOf\":{\"@id\":\"http:\\\/\\\/www.heliovolt.de\\\/wordpress\\\/#website\"},\"primaryImageOfPage\":{\"@id\":\"http:\\\/\\\/www.heliovolt.de\\\/wordpress\\\/solare-hybride\\\/#primaryimage\"},\"image\":{\"@id\":\"http:\\\/\\\/www.heliovolt.de\\\/wordpress\\\/solare-hybride\\\/#primaryimage\"},\"thumbnailUrl\":\"http:\\\/\\\/www.heliovolt.de\\\/wordpress\\\/wp-content\\\/uploads\\\/2020\\\/09\\\/2Power_Querschnitt-1024x410.jpg\",\"datePublished\":\"2020-08-06T09:16:06+00:00\",\"dateModified\":\"2020-09-13T16:48:02+00:00\",\"inLanguage\":\"de\",\"potentialAction\":[{\"@type\":\"ReadAction\",\"target\":[\"http:\\\/\\\/www.heliovolt.de\\\/wordpress\\\/solare-hybride\\\/\"]}]},{\"@type\":\"ImageObject\",\"inLanguage\":\"de\",\"@id\":\"http:\\\/\\\/www.heliovolt.de\\\/wordpress\\\/solare-hybride\\\/#primaryimage\",\"url\":\"http:\\\/\\\/www.heliovolt.de\\\/wordpress\\\/wp-content\\\/uploads\\\/2020\\\/09\\\/2Power_Querschnitt.jpg\",\"contentUrl\":\"http:\\\/\\\/www.heliovolt.de\\\/wordpress\\\/wp-content\\\/uploads\\\/2020\\\/09\\\/2Power_Querschnitt.jpg\",\"width\":1890,\"height\":756},{\"@type\":\"WebSite\",\"@id\":\"http:\\\/\\\/www.heliovolt.de\\\/wordpress\\\/#website\",\"url\":\"http:\\\/\\\/www.heliovolt.de\\\/wordpress\\\/\",\"name\":\"HELIOVOLT\",\"description\":\"Planungsb\u00fcro Erneuerbare Energie - Energiekonzepte\",\"publisher\":{\"@id\":\"http:\\\/\\\/www.heliovolt.de\\\/wordpress\\\/#organization\"},\"potentialAction\":[{\"@type\":\"SearchAction\",\"target\":{\"@type\":\"EntryPoint\",\"urlTemplate\":\"http:\\\/\\\/www.heliovolt.de\\\/wordpress\\\/?s={search_term_string}\"},\"query-input\":{\"@type\":\"PropertyValueSpecification\",\"valueRequired\":true,\"valueName\":\"search_term_string\"}}],\"inLanguage\":\"de\"},{\"@type\":\"Organization\",\"@id\":\"http:\\\/\\\/www.heliovolt.de\\\/wordpress\\\/#organization\",\"name\":\"HELIOVOLT Sarl\",\"url\":\"http:\\\/\\\/www.heliovolt.de\\\/wordpress\\\/\",\"logo\":{\"@type\":\"ImageObject\",\"inLanguage\":\"de\",\"@id\":\"http:\\\/\\\/www.heliovolt.de\\\/wordpress\\\/#\\\/schema\\\/logo\\\/image\\\/\",\"url\":\"http:\\\/\\\/www.heliovolt.de\\\/wordpress\\\/wp-content\\\/uploads\\\/2020\\\/03\\\/Heliovolt_Logo_transparent_D-scaled-1.png\",\"contentUrl\":\"http:\\\/\\\/www.heliovolt.de\\\/wordpress\\\/wp-content\\\/uploads\\\/2020\\\/03\\\/Heliovolt_Logo_transparent_D-scaled-1.png\",\"width\":2560,\"height\":853,\"caption\":\"HELIOVOLT Sarl\"},\"image\":{\"@id\":\"http:\\\/\\\/www.heliovolt.de\\\/wordpress\\\/#\\\/schema\\\/logo\\\/image\\\/\"}}]}<\/script>\n<!-- \/ Yoast SEO plugin. -->","yoast_head_json":{"title":"Solare Hybride - HELIOVOLT","robots":{"index":"index","follow":"follow","max-snippet":"max-snippet:-1","max-image-preview":"max-image-preview:large","max-video-preview":"max-video-preview:-1"},"canonical":"http:\/\/www.heliovolt.de\/wordpress\/solare-hybride\/","og_locale":"de_DE","og_type":"article","og_title":"Solare Hybride - HELIOVOLT","og_description":"Darunter versteht man Solarmodule, die bei Erzeugung von Strom auch gleichzeitig W\u00e4rme erzeugen k\u00f6nnen. Dazu wird die auf der Oberfl\u00e4che des Moduls [&hellip;]","og_url":"http:\/\/www.heliovolt.de\/wordpress\/solare-hybride\/","og_site_name":"HELIOVOLT","article_modified_time":"2020-09-13T16:48:02+00:00","og_image":[{"url":"http:\/\/www.heliovolt.de\/wordpress\/wp-content\/uploads\/2020\/09\/2Power_Querschnitt-1024x410.jpg","type":"","width":"","height":""}],"twitter_misc":{"Gesch\u00e4tzte Lesezeit":"1\u00a0Minute"},"schema":{"@context":"https:\/\/schema.org","@graph":[{"@type":"WebPage","@id":"http:\/\/www.heliovolt.de\/wordpress\/solare-hybride\/","url":"http:\/\/www.heliovolt.de\/wordpress\/solare-hybride\/","name":"Solare Hybride - HELIOVOLT","isPartOf":{"@id":"http:\/\/www.heliovolt.de\/wordpress\/#website"},"primaryImageOfPage":{"@id":"http:\/\/www.heliovolt.de\/wordpress\/solare-hybride\/#primaryimage"},"image":{"@id":"http:\/\/www.heliovolt.de\/wordpress\/solare-hybride\/#primaryimage"},"thumbnailUrl":"http:\/\/www.heliovolt.de\/wordpress\/wp-content\/uploads\/2020\/09\/2Power_Querschnitt-1024x410.jpg","datePublished":"2020-08-06T09:16:06+00:00","dateModified":"2020-09-13T16:48:02+00:00","inLanguage":"de","potentialAction":[{"@type":"ReadAction","target":["http:\/\/www.heliovolt.de\/wordpress\/solare-hybride\/"]}]},{"@type":"ImageObject","inLanguage":"de","@id":"http:\/\/www.heliovolt.de\/wordpress\/solare-hybride\/#primaryimage","url":"http:\/\/www.heliovolt.de\/wordpress\/wp-content\/uploads\/2020\/09\/2Power_Querschnitt.jpg","contentUrl":"http:\/\/www.heliovolt.de\/wordpress\/wp-content\/uploads\/2020\/09\/2Power_Querschnitt.jpg","width":1890,"height":756},{"@type":"WebSite","@id":"http:\/\/www.heliovolt.de\/wordpress\/#website","url":"http:\/\/www.heliovolt.de\/wordpress\/","name":"HELIOVOLT","description":"Planungsb\u00fcro Erneuerbare Energie - Energiekonzepte","publisher":{"@id":"http:\/\/www.heliovolt.de\/wordpress\/#organization"},"potentialAction":[{"@type":"SearchAction","target":{"@type":"EntryPoint","urlTemplate":"http:\/\/www.heliovolt.de\/wordpress\/?s={search_term_string}"},"query-input":{"@type":"PropertyValueSpecification","valueRequired":true,"valueName":"search_term_string"}}],"inLanguage":"de"},{"@type":"Organization","@id":"http:\/\/www.heliovolt.de\/wordpress\/#organization","name":"HELIOVOLT Sarl","url":"http:\/\/www.heliovolt.de\/wordpress\/","logo":{"@type":"ImageObject","inLanguage":"de","@id":"http:\/\/www.heliovolt.de\/wordpress\/#\/schema\/logo\/image\/","url":"http:\/\/www.heliovolt.de\/wordpress\/wp-content\/uploads\/2020\/03\/Heliovolt_Logo_transparent_D-scaled-1.png","contentUrl":"http:\/\/www.heliovolt.de\/wordpress\/wp-content\/uploads\/2020\/03\/Heliovolt_Logo_transparent_D-scaled-1.png","width":2560,"height":853,"caption":"HELIOVOLT Sarl"},"image":{"@id":"http:\/\/www.heliovolt.de\/wordpress\/#\/schema\/logo\/image\/"}}]}},"_links":{"self":[{"href":"http:\/\/www.heliovolt.de\/wordpress\/wp-json\/wp\/v2\/pages\/1351","targetHints":{"allow":["GET"]}}],"collection":[{"href":"http:\/\/www.heliovolt.de\/wordpress\/wp-json\/wp\/v2\/pages"}],"about":[{"href":"http:\/\/www.heliovolt.de\/wordpress\/wp-json\/wp\/v2\/types\/page"}],"author":[{"embeddable":true,"href":"http:\/\/www.heliovolt.de\/wordpress\/wp-json\/wp\/v2\/users\/1"}],"replies":[{"embeddable":true,"href":"http:\/\/www.heliovolt.de\/wordpress\/wp-json\/wp\/v2\/comments?post=1351"}],"version-history":[{"count":11,"href":"http:\/\/www.heliovolt.de\/wordpress\/wp-json\/wp\/v2\/pages\/1351\/revisions"}],"predecessor-version":[{"id":1530,"href":"http:\/\/www.heliovolt.de\/wordpress\/wp-json\/wp\/v2\/pages\/1351\/revisions\/1530"}],"wp:attachment":[{"href":"http:\/\/www.heliovolt.de\/wordpress\/wp-json\/wp\/v2\/media?parent=1351"}],"curies":[{"name":"wp","href":"https:\/\/api.w.org\/{rel}","templated":true}]}}