{"id":1353,"date":"2020-08-06T11:19:01","date_gmt":"2020-08-06T09:19:01","guid":{"rendered":"http:\/\/www.heliovolt.de\/wordpress\/?page_id=1353"},"modified":"2020-09-08T17:15:23","modified_gmt":"2020-09-08T15:15:23","slug":"prosumer-hausanlage","status":"publish","type":"page","link":"http:\/\/www.heliovolt.de\/wordpress\/prosumer-hausanlage\/","title":{"rendered":"Prosumer Hausanlage"},"content":{"rendered":"\t\t<div data-elementor-type=\"wp-page\" data-elementor-id=\"1353\" class=\"elementor elementor-1353\">\n\t\t\t\t\t\t<section class=\"elementor-section elementor-top-section elementor-element elementor-element-209a768 elementor-section-boxed elementor-section-height-default elementor-section-height-default\" data-id=\"209a768\" data-element_type=\"section\">\n\t\t\t\t\t\t<div class=\"elementor-container elementor-column-gap-default\">\n\t\t\t\t\t<div class=\"elementor-column elementor-col-50 elementor-top-column elementor-element elementor-element-f138539\" data-id=\"f138539\" data-element_type=\"column\">\n\t\t\t<div class=\"elementor-widget-wrap elementor-element-populated\">\n\t\t\t\t\t\t<div class=\"elementor-element elementor-element-aaa46cb elementor-widget elementor-widget-image\" data-id=\"aaa46cb\" data-element_type=\"widget\" data-widget_type=\"image.default\">\n\t\t\t\t<div class=\"elementor-widget-container\">\n\t\t\t\t\t\t\t\t\t\t\t\t\t<img fetchpriority=\"high\" decoding=\"async\" width=\"976\" height=\"962\" src=\"http:\/\/www.heliovolt.de\/wordpress\/wp-content\/uploads\/2020\/07\/Solarstrom_Haus_15.5.2020.png\" class=\"attachment-large size-large wp-image-1261\" alt=\"\" srcset=\"http:\/\/www.heliovolt.de\/wordpress\/wp-content\/uploads\/2020\/07\/Solarstrom_Haus_15.5.2020.png 976w, http:\/\/www.heliovolt.de\/wordpress\/wp-content\/uploads\/2020\/07\/Solarstrom_Haus_15.5.2020-300x296.png 300w, http:\/\/www.heliovolt.de\/wordpress\/wp-content\/uploads\/2020\/07\/Solarstrom_Haus_15.5.2020-768x757.png 768w, http:\/\/www.heliovolt.de\/wordpress\/wp-content\/uploads\/2020\/07\/Solarstrom_Haus_15.5.2020-830x818.png 830w, http:\/\/www.heliovolt.de\/wordpress\/wp-content\/uploads\/2020\/07\/Solarstrom_Haus_15.5.2020-230x227.png 230w, http:\/\/www.heliovolt.de\/wordpress\/wp-content\/uploads\/2020\/07\/Solarstrom_Haus_15.5.2020-350x345.png 350w, http:\/\/www.heliovolt.de\/wordpress\/wp-content\/uploads\/2020\/07\/Solarstrom_Haus_15.5.2020-480x473.png 480w\" sizes=\"(max-width: 976px) 100vw, 976px\" \/>\t\t\t\t\t\t\t\t\t\t\t\t\t<\/div>\n\t\t\t\t<\/div>\n\t\t\t\t\t<\/div>\n\t\t<\/div>\n\t\t\t\t<div class=\"elementor-column elementor-col-50 elementor-top-column elementor-element elementor-element-720219b\" data-id=\"720219b\" data-element_type=\"column\">\n\t\t\t<div class=\"elementor-widget-wrap elementor-element-populated\">\n\t\t\t\t\t\t<div class=\"elementor-element elementor-element-2580a73 elementor-widget elementor-widget-text-editor\" data-id=\"2580a73\" data-element_type=\"widget\" data-widget_type=\"text-editor.default\">\n\t\t\t\t<div class=\"elementor-widget-container\">\n\t\t\t\t\t\t\t<p><strong>Wo kommt das Wort &#8222;Prosumer&#8220; her\u00a0 ?<\/strong><\/p><p>Ganz einfach :\u00a0 von &#8222;<strong>Producer<\/strong>&#8220; und &#8222;<strong>Consumer<\/strong>&#8222;, jeweils den entsprechenden Part abgeschnitten.<\/p><p>Das bezeichnet einen Energieverbraucher, der auch gleichzeitig Erzeuger von Energie ist.<\/p><p>Das hei\u00dft, selbst erzeugter Strom wird direkt verbraucht oder in einer eigenen Batterie gespeichert, oder auch etwas ins Netz zur\u00fcckgeladen. Jede zur\u00fcckgeladene kWh mu\u00df nicht mehr aus Kohle, Gas oder anderen fosillen Quellen erzeugt werden.<\/p>\t\t\t\t\t\t<\/div>\n\t\t\t\t<\/div>\n\t\t\t\t\t<\/div>\n\t\t<\/div>\n\t\t\t\t\t<\/div>\n\t\t<\/section>\n\t\t\t\t<section class=\"elementor-section elementor-top-section elementor-element elementor-element-dcd298b elementor-section-boxed elementor-section-height-default elementor-section-height-default\" data-id=\"dcd298b\" data-element_type=\"section\">\n\t\t\t\t\t\t<div class=\"elementor-container elementor-column-gap-default\">\n\t\t\t\t\t<div class=\"elementor-column elementor-col-50 elementor-top-column elementor-element elementor-element-49d9df1\" data-id=\"49d9df1\" data-element_type=\"column\">\n\t\t\t<div class=\"elementor-widget-wrap elementor-element-populated\">\n\t\t\t\t\t\t<div class=\"elementor-element elementor-element-d5fe721 elementor-widget elementor-widget-text-editor\" data-id=\"d5fe721\" data-element_type=\"widget\" data-widget_type=\"text-editor.default\">\n\t\t\t\t<div class=\"elementor-widget-container\">\n\t\t\t\t\t\t\t<p>Die Kunst dabei ist, aus den Bedarfskurven des Haushalts und dem Energieangebot der Sonne die angepasse Solarleistung zu ermitteln, mit Batterie zu kombinieren und so ein \u00f6konomisch und \u00f6kologisch sinnvolles Zusammenarbeiten zu gew\u00e4hrleisten. Dazu helfen uns Karten wie die im Bild rechts, die anzeigen zu welcher Jahreszeit sich die Sonne an welchem Ort befindet. <\/p><p>Es ist also auch nicht sinnvoll, die Anlage f\u00fcr Winterbetrieb auszule\u01f5en, wenn man im Sommer nicht gen\u00fcgend Abnahme f\u00fcr den angebotenen Solarstrom hat. Hier mu\u00df das richtige Mittelma\u00df gefunden werden, um die Anlage nicht \u00fcberzudimensionieren (h\u00f6here Kosten, weniger Ertrag) oder bei Unterdimensionierung wird kein nennenswerter Effekt erzielt.<\/p>\t\t\t\t\t\t<\/div>\n\t\t\t\t<\/div>\n\t\t\t\t\t<\/div>\n\t\t<\/div>\n\t\t\t\t<div class=\"elementor-column elementor-col-50 elementor-top-column elementor-element elementor-element-8ef16e4\" data-id=\"8ef16e4\" data-element_type=\"column\">\n\t\t\t<div class=\"elementor-widget-wrap elementor-element-populated\">\n\t\t\t\t\t\t<div class=\"elementor-element elementor-element-5d94a0e elementor-widget elementor-widget-image\" data-id=\"5d94a0e\" data-element_type=\"widget\" data-widget_type=\"image.default\">\n\t\t\t\t<div class=\"elementor-widget-container\">\n\t\t\t\t\t\t\t\t\t\t\t\t\t<img decoding=\"async\" width=\"496\" height=\"496\" src=\"http:\/\/www.heliovolt.de\/wordpress\/wp-content\/uploads\/2020\/09\/sunhsm1c.gif\" class=\"attachment-large size-large wp-image-1501\" alt=\"\" \/>\t\t\t\t\t\t\t\t\t\t\t\t\t<\/div>\n\t\t\t\t<\/div>\n\t\t\t\t\t<\/div>\n\t\t<\/div>\n\t\t\t\t\t<\/div>\n\t\t<\/section>\n\t\t\t\t<section class=\"elementor-section elementor-top-section elementor-element elementor-element-2ff2228 elementor-section-boxed elementor-section-height-default elementor-section-height-default\" data-id=\"2ff2228\" data-element_type=\"section\">\n\t\t\t\t\t\t<div class=\"elementor-container elementor-column-gap-default\">\n\t\t\t\t\t<div class=\"elementor-column elementor-col-50 elementor-top-column elementor-element elementor-element-923a9e1\" data-id=\"923a9e1\" data-element_type=\"column\">\n\t\t\t<div class=\"elementor-widget-wrap elementor-element-populated\">\n\t\t\t\t\t\t<div class=\"elementor-element elementor-element-bc92ce4 elementor-widget elementor-widget-text-editor\" data-id=\"bc92ce4\" data-element_type=\"widget\" data-widget_type=\"text-editor.default\">\n\t\t\t\t<div class=\"elementor-widget-container\">\n\t\t\t\t\t\t\t<p>Daher bietet HELIOVOLT seinen Kunden regelm\u00e4\u00dfig vor Abgabe eines Angebots zur Installation eine Rentabilit\u00e4tsbetrachtung an, die geringen Kosten sind durch die dadurch gewonnene Sicherheit bei der Dimensionierung, (d.h.also auch beim Preis) und der Erleichterung bei der Entscheidungsfindung gerechtfertigt. Auch kann in einem sehr ung\u00fcnstigen Fall die Entscheidung negativ ausfallen, so da\u00df die Anlage nicht an diesem Standort gebaut wird, ohne da\u00df man eine unrentable Anlage installiert und sich hinterher \u00fcber mehr als 20 Jahre hinweg \u00e4rgert.<\/p><p>\u00a0<\/p>\t\t\t\t\t\t<\/div>\n\t\t\t\t<\/div>\n\t\t\t\t\t<\/div>\n\t\t<\/div>\n\t\t\t\t<div class=\"elementor-column elementor-col-50 elementor-top-column elementor-element elementor-element-3cce4a8\" data-id=\"3cce4a8\" data-element_type=\"column\">\n\t\t\t<div class=\"elementor-widget-wrap elementor-element-populated\">\n\t\t\t\t\t\t<div class=\"elementor-element elementor-element-a0f1a17 elementor-widget elementor-widget-image\" data-id=\"a0f1a17\" data-element_type=\"widget\" data-widget_type=\"image.default\">\n\t\t\t\t<div class=\"elementor-widget-container\">\n\t\t\t\t\t\t\t\t\t\t<figure class=\"wp-caption\">\n\t\t\t\t\t\t\t\t\t\t<img decoding=\"async\" width=\"536\" height=\"401\" src=\"http:\/\/www.heliovolt.de\/wordpress\/wp-content\/uploads\/2020\/09\/mauvaise_installation_panneaux_solaires_arnaques-1.jpg\" class=\"attachment-large size-large wp-image-1505\" alt=\"\" srcset=\"http:\/\/www.heliovolt.de\/wordpress\/wp-content\/uploads\/2020\/09\/mauvaise_installation_panneaux_solaires_arnaques-1.jpg 536w, http:\/\/www.heliovolt.de\/wordpress\/wp-content\/uploads\/2020\/09\/mauvaise_installation_panneaux_solaires_arnaques-1-300x224.jpg 300w, http:\/\/www.heliovolt.de\/wordpress\/wp-content\/uploads\/2020\/09\/mauvaise_installation_panneaux_solaires_arnaques-1-230x172.jpg 230w, http:\/\/www.heliovolt.de\/wordpress\/wp-content\/uploads\/2020\/09\/mauvaise_installation_panneaux_solaires_arnaques-1-350x262.jpg 350w, http:\/\/www.heliovolt.de\/wordpress\/wp-content\/uploads\/2020\/09\/mauvaise_installation_panneaux_solaires_arnaques-1-480x359.jpg 480w\" sizes=\"(max-width: 536px) 100vw, 536px\" \/>\t\t\t\t\t\t\t\t\t\t\t<figcaption class=\"widget-image-caption wp-caption-text\">Kamin verschattet Anlage massiv<\/figcaption>\n\t\t\t\t\t\t\t\t\t\t<\/figure>\n\t\t\t\t\t\t\t<\/div>\n\t\t\t\t<\/div>\n\t\t\t\t<div class=\"elementor-element elementor-element-4d45026 elementor-widget elementor-widget-image\" data-id=\"4d45026\" data-element_type=\"widget\" data-widget_type=\"image.default\">\n\t\t\t\t<div class=\"elementor-widget-container\">\n\t\t\t\t\t\t\t\t\t\t<figure class=\"wp-caption\">\n\t\t\t\t\t\t\t\t\t\t<img loading=\"lazy\" decoding=\"async\" width=\"1024\" height=\"873\" src=\"http:\/\/www.heliovolt.de\/wordpress\/wp-content\/uploads\/2020\/09\/IMG-20120921-00645-1-e1599577635889-1024x873.jpg\" class=\"attachment-large size-large wp-image-1508\" alt=\"\" srcset=\"http:\/\/www.heliovolt.de\/wordpress\/wp-content\/uploads\/2020\/09\/IMG-20120921-00645-1-e1599577635889-1024x873.jpg 1024w, http:\/\/www.heliovolt.de\/wordpress\/wp-content\/uploads\/2020\/09\/IMG-20120921-00645-1-e1599577635889-300x256.jpg 300w, http:\/\/www.heliovolt.de\/wordpress\/wp-content\/uploads\/2020\/09\/IMG-20120921-00645-1-e1599577635889-768x655.jpg 768w, http:\/\/www.heliovolt.de\/wordpress\/wp-content\/uploads\/2020\/09\/IMG-20120921-00645-1-e1599577635889-1536x1310.jpg 1536w, http:\/\/www.heliovolt.de\/wordpress\/wp-content\/uploads\/2020\/09\/IMG-20120921-00645-1-e1599577635889-830x708.jpg 830w, http:\/\/www.heliovolt.de\/wordpress\/wp-content\/uploads\/2020\/09\/IMG-20120921-00645-1-e1599577635889-230x196.jpg 230w, http:\/\/www.heliovolt.de\/wordpress\/wp-content\/uploads\/2020\/09\/IMG-20120921-00645-1-e1599577635889-350x298.jpg 350w, http:\/\/www.heliovolt.de\/wordpress\/wp-content\/uploads\/2020\/09\/IMG-20120921-00645-1-e1599577635889-480x409.jpg 480w, http:\/\/www.heliovolt.de\/wordpress\/wp-content\/uploads\/2020\/09\/IMG-20120921-00645-1-e1599577635889.jpg 1561w\" sizes=\"(max-width: 1024px) 100vw, 1024px\" \/>\t\t\t\t\t\t\t\t\t\t\t<figcaption class=\"widget-image-caption wp-caption-text\">Auch eine Nordseite ist nicht so die gute Idee<\/figcaption>\n\t\t\t\t\t\t\t\t\t\t<\/figure>\n\t\t\t\t\t\t\t<\/div>\n\t\t\t\t<\/div>\n\t\t\t\t\t<\/div>\n\t\t<\/div>\n\t\t\t\t\t<\/div>\n\t\t<\/section>\n\t\t\t\t<section class=\"elementor-section elementor-top-section elementor-element elementor-element-ce62478 elementor-section-boxed elementor-section-height-default elementor-section-height-default\" data-id=\"ce62478\" data-element_type=\"section\">\n\t\t\t\t\t\t<div class=\"elementor-container elementor-column-gap-default\">\n\t\t\t\t\t<div class=\"elementor-column elementor-col-50 elementor-top-column elementor-element elementor-element-0340f42\" data-id=\"0340f42\" data-element_type=\"column\">\n\t\t\t<div class=\"elementor-widget-wrap elementor-element-populated\">\n\t\t\t\t\t\t<div class=\"elementor-element elementor-element-83d91ff elementor-widget elementor-widget-image\" data-id=\"83d91ff\" data-element_type=\"widget\" data-widget_type=\"image.default\">\n\t\t\t\t<div class=\"elementor-widget-container\">\n\t\t\t\t\t\t\t\t\t\t\t\t\t<img loading=\"lazy\" decoding=\"async\" width=\"563\" height=\"603\" src=\"http:\/\/www.heliovolt.de\/wordpress\/wp-content\/uploads\/2020\/09\/Sunny-Portal-Info-Report-Schirrhoffen-2020-08-09-1.png\" class=\"attachment-large size-large wp-image-1515\" alt=\"\" srcset=\"http:\/\/www.heliovolt.de\/wordpress\/wp-content\/uploads\/2020\/09\/Sunny-Portal-Info-Report-Schirrhoffen-2020-08-09-1.png 563w, http:\/\/www.heliovolt.de\/wordpress\/wp-content\/uploads\/2020\/09\/Sunny-Portal-Info-Report-Schirrhoffen-2020-08-09-1-280x300.png 280w, http:\/\/www.heliovolt.de\/wordpress\/wp-content\/uploads\/2020\/09\/Sunny-Portal-Info-Report-Schirrhoffen-2020-08-09-1-230x246.png 230w, http:\/\/www.heliovolt.de\/wordpress\/wp-content\/uploads\/2020\/09\/Sunny-Portal-Info-Report-Schirrhoffen-2020-08-09-1-350x375.png 350w, http:\/\/www.heliovolt.de\/wordpress\/wp-content\/uploads\/2020\/09\/Sunny-Portal-Info-Report-Schirrhoffen-2020-08-09-1-480x514.png 480w\" sizes=\"(max-width: 563px) 100vw, 563px\" \/>\t\t\t\t\t\t\t\t\t\t\t\t\t<\/div>\n\t\t\t\t<\/div>\n\t\t\t\t<div class=\"elementor-element elementor-element-195425c elementor-widget elementor-widget-text-editor\" data-id=\"195425c\" data-element_type=\"widget\" data-widget_type=\"text-editor.default\">\n\t\t\t\t<div class=\"elementor-widget-container\">\n\t\t\t\t\t\t\t<p>Der erfahrene <strong>&#8222;Prosumer&#8220;<\/strong> schafft es, seine Netzeinspeisung auf Null zu dr\u00fccken, durch Planung und Beobachtung seines Bedarfs und der angebotenen Solarleistung.<\/p><p><strong>Autonomie:\u00a0<\/strong> bezeichnet hier den Ersatz gekauften Strom durch eigen erzeugten, und dessen Verbrauch.<\/p><p><strong>Eigenverbrauchsrate:<\/strong> der Anteil des erzeugten Solarstroms, der im Haushalt nutzbar ist, und nicht eingespeist wird, optimal 100%.<\/p>\t\t\t\t\t\t<\/div>\n\t\t\t\t<\/div>\n\t\t\t\t\t<\/div>\n\t\t<\/div>\n\t\t\t\t<div class=\"elementor-column elementor-col-50 elementor-top-column elementor-element elementor-element-78112af\" data-id=\"78112af\" data-element_type=\"column\">\n\t\t\t<div class=\"elementor-widget-wrap elementor-element-populated\">\n\t\t\t\t\t\t<div class=\"elementor-element elementor-element-8d79c47 elementor-widget elementor-widget-text-editor\" data-id=\"8d79c47\" data-element_type=\"widget\" data-widget_type=\"text-editor.default\">\n\t\t\t\t<div class=\"elementor-widget-container\">\n\t\t\t\t\t\t\t<p>Im Bild links sieht man, wie der &#8222;Prosumer&#8220; nachts noch seine Batterie entl\u00e4dt (orange), morgens von etwa 5h00 bis 7 h00 etwas Strom dazukauft (rot), Solarproduktion beginnt um 7h30 (gr\u00fcn), Verbrauch ist da noch minimal, daher wird die Batterie geladen (dunkel-orange).<\/p><p>Gegen 10h00 ist die Batterie bereits so voll, da\u00df Netzeinspeisung stattfindet (gelb), daher werden ab diesem Zeitpunkt des E-Auto und Widerstandsverbraucher zur Warmwasserbereitung eingeschaltet (passiert teilsweise automatisch durch das Management-system. teilweise zeitgesteuert beim Elektroauto). Dadurch erreicht man an diesem Tag eine Autonomie von 95 %, bei 89 % Eigenverbrauch der solaren Produktion. Der Rest wird in Netz gespeist. Der Peak um 13h00 ist m\u00f6glicherweise die Sp\u00fclmaschine. Gegen 17h30 ist das Elektroauto voll, man k\u00f6nnte jetzt noch die Waschmaschine starten, um Netzeinspeisung zu reduzieren,\u00a0 wenn denn W\u00e4sche zum Waschen da ist.<\/p><p>Das Management-System schaltet dabei angeschlossene Verbraucher zu oder ab, kann auch relativ zu den Kosten des Stroms im Bezug definiert werden (Nachstrom billiger als Batteriestrom z.B.)<\/p>\t\t\t\t\t\t<\/div>\n\t\t\t\t<\/div>\n\t\t\t\t\t<\/div>\n\t\t<\/div>\n\t\t\t\t\t<\/div>\n\t\t<\/section>\n\t\t\t\t<\/div>\n\t\t","protected":false},"excerpt":{"rendered":"<p>Wo kommt das Wort &#8222;Prosumer&#8220; her\u00a0 ? Ganz einfach :\u00a0 von &#8222;Producer&#8220; und &#8222;Consumer&#8222;, jeweils den entsprechenden Part abgeschnitten. Das bezeichnet einen [&hellip;]<\/p>\n","protected":false},"author":1,"featured_media":0,"parent":0,"menu_order":0,"comment_status":"closed","ping_status":"closed","template":"","meta":{"footnotes":""},"class_list":["post-1353","page","type-page","status-publish","hentry"],"yoast_head":"<!-- This site is optimized with the Yoast SEO plugin v27.4 - https:\/\/yoast.com\/product\/yoast-seo-wordpress\/ -->\n<title>Prosumer Hausanlage - HELIOVOLT<\/title>\n<meta name=\"robots\" content=\"index, follow, max-snippet:-1, max-image-preview:large, max-video-preview:-1\" \/>\n<link rel=\"canonical\" href=\"http:\/\/www.heliovolt.de\/wordpress\/prosumer-hausanlage\/\" \/>\n<meta property=\"og:locale\" content=\"de_DE\" \/>\n<meta property=\"og:type\" content=\"article\" \/>\n<meta property=\"og:title\" content=\"Prosumer Hausanlage - HELIOVOLT\" \/>\n<meta property=\"og:description\" content=\"Wo kommt das Wort &#8222;Prosumer&#8220; her\u00a0 ? Ganz einfach :\u00a0 von &#8222;Producer&#8220; und &#8222;Consumer&#8222;, jeweils den entsprechenden Part abgeschnitten. Das bezeichnet einen [&hellip;]\" \/>\n<meta property=\"og:url\" content=\"http:\/\/www.heliovolt.de\/wordpress\/prosumer-hausanlage\/\" \/>\n<meta property=\"og:site_name\" content=\"HELIOVOLT\" \/>\n<meta property=\"article:modified_time\" content=\"2020-09-08T15:15:23+00:00\" \/>\n<meta property=\"og:image\" content=\"http:\/\/www.heliovolt.de\/wordpress\/wp-content\/uploads\/2020\/07\/Solarstrom_Haus_15.5.2020.png\" \/>\n<meta name=\"twitter:label1\" content=\"Gesch\u00e4tzte Lesezeit\" \/>\n\t<meta name=\"twitter:data1\" content=\"2\u00a0Minuten\" \/>\n<script type=\"application\/ld+json\" class=\"yoast-schema-graph\">{\"@context\":\"https:\\\/\\\/schema.org\",\"@graph\":[{\"@type\":\"WebPage\",\"@id\":\"http:\\\/\\\/www.heliovolt.de\\\/wordpress\\\/prosumer-hausanlage\\\/\",\"url\":\"http:\\\/\\\/www.heliovolt.de\\\/wordpress\\\/prosumer-hausanlage\\\/\",\"name\":\"Prosumer Hausanlage - HELIOVOLT\",\"isPartOf\":{\"@id\":\"http:\\\/\\\/www.heliovolt.de\\\/wordpress\\\/#website\"},\"primaryImageOfPage\":{\"@id\":\"http:\\\/\\\/www.heliovolt.de\\\/wordpress\\\/prosumer-hausanlage\\\/#primaryimage\"},\"image\":{\"@id\":\"http:\\\/\\\/www.heliovolt.de\\\/wordpress\\\/prosumer-hausanlage\\\/#primaryimage\"},\"thumbnailUrl\":\"http:\\\/\\\/www.heliovolt.de\\\/wordpress\\\/wp-content\\\/uploads\\\/2020\\\/07\\\/Solarstrom_Haus_15.5.2020.png\",\"datePublished\":\"2020-08-06T09:19:01+00:00\",\"dateModified\":\"2020-09-08T15:15:23+00:00\",\"inLanguage\":\"de\",\"potentialAction\":[{\"@type\":\"ReadAction\",\"target\":[\"http:\\\/\\\/www.heliovolt.de\\\/wordpress\\\/prosumer-hausanlage\\\/\"]}]},{\"@type\":\"ImageObject\",\"inLanguage\":\"de\",\"@id\":\"http:\\\/\\\/www.heliovolt.de\\\/wordpress\\\/prosumer-hausanlage\\\/#primaryimage\",\"url\":\"http:\\\/\\\/www.heliovolt.de\\\/wordpress\\\/wp-content\\\/uploads\\\/2020\\\/07\\\/Solarstrom_Haus_15.5.2020.png\",\"contentUrl\":\"http:\\\/\\\/www.heliovolt.de\\\/wordpress\\\/wp-content\\\/uploads\\\/2020\\\/07\\\/Solarstrom_Haus_15.5.2020.png\",\"width\":976,\"height\":962},{\"@type\":\"WebSite\",\"@id\":\"http:\\\/\\\/www.heliovolt.de\\\/wordpress\\\/#website\",\"url\":\"http:\\\/\\\/www.heliovolt.de\\\/wordpress\\\/\",\"name\":\"HELIOVOLT\",\"description\":\"Planungsb\u00fcro Erneuerbare Energie - Energiekonzepte\",\"publisher\":{\"@id\":\"http:\\\/\\\/www.heliovolt.de\\\/wordpress\\\/#organization\"},\"potentialAction\":[{\"@type\":\"SearchAction\",\"target\":{\"@type\":\"EntryPoint\",\"urlTemplate\":\"http:\\\/\\\/www.heliovolt.de\\\/wordpress\\\/?s={search_term_string}\"},\"query-input\":{\"@type\":\"PropertyValueSpecification\",\"valueRequired\":true,\"valueName\":\"search_term_string\"}}],\"inLanguage\":\"de\"},{\"@type\":\"Organization\",\"@id\":\"http:\\\/\\\/www.heliovolt.de\\\/wordpress\\\/#organization\",\"name\":\"HELIOVOLT Sarl\",\"url\":\"http:\\\/\\\/www.heliovolt.de\\\/wordpress\\\/\",\"logo\":{\"@type\":\"ImageObject\",\"inLanguage\":\"de\",\"@id\":\"http:\\\/\\\/www.heliovolt.de\\\/wordpress\\\/#\\\/schema\\\/logo\\\/image\\\/\",\"url\":\"http:\\\/\\\/www.heliovolt.de\\\/wordpress\\\/wp-content\\\/uploads\\\/2020\\\/03\\\/Heliovolt_Logo_transparent_D-scaled-1.png\",\"contentUrl\":\"http:\\\/\\\/www.heliovolt.de\\\/wordpress\\\/wp-content\\\/uploads\\\/2020\\\/03\\\/Heliovolt_Logo_transparent_D-scaled-1.png\",\"width\":2560,\"height\":853,\"caption\":\"HELIOVOLT Sarl\"},\"image\":{\"@id\":\"http:\\\/\\\/www.heliovolt.de\\\/wordpress\\\/#\\\/schema\\\/logo\\\/image\\\/\"}}]}<\/script>\n<!-- \/ Yoast SEO plugin. -->","yoast_head_json":{"title":"Prosumer Hausanlage - HELIOVOLT","robots":{"index":"index","follow":"follow","max-snippet":"max-snippet:-1","max-image-preview":"max-image-preview:large","max-video-preview":"max-video-preview:-1"},"canonical":"http:\/\/www.heliovolt.de\/wordpress\/prosumer-hausanlage\/","og_locale":"de_DE","og_type":"article","og_title":"Prosumer Hausanlage - HELIOVOLT","og_description":"Wo kommt das Wort &#8222;Prosumer&#8220; her\u00a0 ? Ganz einfach :\u00a0 von &#8222;Producer&#8220; und &#8222;Consumer&#8222;, jeweils den entsprechenden Part abgeschnitten. Das bezeichnet einen [&hellip;]","og_url":"http:\/\/www.heliovolt.de\/wordpress\/prosumer-hausanlage\/","og_site_name":"HELIOVOLT","article_modified_time":"2020-09-08T15:15:23+00:00","og_image":[{"url":"http:\/\/www.heliovolt.de\/wordpress\/wp-content\/uploads\/2020\/07\/Solarstrom_Haus_15.5.2020.png","type":"","width":"","height":""}],"twitter_misc":{"Gesch\u00e4tzte Lesezeit":"2\u00a0Minuten"},"schema":{"@context":"https:\/\/schema.org","@graph":[{"@type":"WebPage","@id":"http:\/\/www.heliovolt.de\/wordpress\/prosumer-hausanlage\/","url":"http:\/\/www.heliovolt.de\/wordpress\/prosumer-hausanlage\/","name":"Prosumer Hausanlage - HELIOVOLT","isPartOf":{"@id":"http:\/\/www.heliovolt.de\/wordpress\/#website"},"primaryImageOfPage":{"@id":"http:\/\/www.heliovolt.de\/wordpress\/prosumer-hausanlage\/#primaryimage"},"image":{"@id":"http:\/\/www.heliovolt.de\/wordpress\/prosumer-hausanlage\/#primaryimage"},"thumbnailUrl":"http:\/\/www.heliovolt.de\/wordpress\/wp-content\/uploads\/2020\/07\/Solarstrom_Haus_15.5.2020.png","datePublished":"2020-08-06T09:19:01+00:00","dateModified":"2020-09-08T15:15:23+00:00","inLanguage":"de","potentialAction":[{"@type":"ReadAction","target":["http:\/\/www.heliovolt.de\/wordpress\/prosumer-hausanlage\/"]}]},{"@type":"ImageObject","inLanguage":"de","@id":"http:\/\/www.heliovolt.de\/wordpress\/prosumer-hausanlage\/#primaryimage","url":"http:\/\/www.heliovolt.de\/wordpress\/wp-content\/uploads\/2020\/07\/Solarstrom_Haus_15.5.2020.png","contentUrl":"http:\/\/www.heliovolt.de\/wordpress\/wp-content\/uploads\/2020\/07\/Solarstrom_Haus_15.5.2020.png","width":976,"height":962},{"@type":"WebSite","@id":"http:\/\/www.heliovolt.de\/wordpress\/#website","url":"http:\/\/www.heliovolt.de\/wordpress\/","name":"HELIOVOLT","description":"Planungsb\u00fcro Erneuerbare Energie - Energiekonzepte","publisher":{"@id":"http:\/\/www.heliovolt.de\/wordpress\/#organization"},"potentialAction":[{"@type":"SearchAction","target":{"@type":"EntryPoint","urlTemplate":"http:\/\/www.heliovolt.de\/wordpress\/?s={search_term_string}"},"query-input":{"@type":"PropertyValueSpecification","valueRequired":true,"valueName":"search_term_string"}}],"inLanguage":"de"},{"@type":"Organization","@id":"http:\/\/www.heliovolt.de\/wordpress\/#organization","name":"HELIOVOLT Sarl","url":"http:\/\/www.heliovolt.de\/wordpress\/","logo":{"@type":"ImageObject","inLanguage":"de","@id":"http:\/\/www.heliovolt.de\/wordpress\/#\/schema\/logo\/image\/","url":"http:\/\/www.heliovolt.de\/wordpress\/wp-content\/uploads\/2020\/03\/Heliovolt_Logo_transparent_D-scaled-1.png","contentUrl":"http:\/\/www.heliovolt.de\/wordpress\/wp-content\/uploads\/2020\/03\/Heliovolt_Logo_transparent_D-scaled-1.png","width":2560,"height":853,"caption":"HELIOVOLT Sarl"},"image":{"@id":"http:\/\/www.heliovolt.de\/wordpress\/#\/schema\/logo\/image\/"}}]}},"_links":{"self":[{"href":"http:\/\/www.heliovolt.de\/wordpress\/wp-json\/wp\/v2\/pages\/1353","targetHints":{"allow":["GET"]}}],"collection":[{"href":"http:\/\/www.heliovolt.de\/wordpress\/wp-json\/wp\/v2\/pages"}],"about":[{"href":"http:\/\/www.heliovolt.de\/wordpress\/wp-json\/wp\/v2\/types\/page"}],"author":[{"embeddable":true,"href":"http:\/\/www.heliovolt.de\/wordpress\/wp-json\/wp\/v2\/users\/1"}],"replies":[{"embeddable":true,"href":"http:\/\/www.heliovolt.de\/wordpress\/wp-json\/wp\/v2\/comments?post=1353"}],"version-history":[{"count":12,"href":"http:\/\/www.heliovolt.de\/wordpress\/wp-json\/wp\/v2\/pages\/1353\/revisions"}],"predecessor-version":[{"id":1517,"href":"http:\/\/www.heliovolt.de\/wordpress\/wp-json\/wp\/v2\/pages\/1353\/revisions\/1517"}],"wp:attachment":[{"href":"http:\/\/www.heliovolt.de\/wordpress\/wp-json\/wp\/v2\/media?parent=1353"}],"curies":[{"name":"wp","href":"https:\/\/api.w.org\/{rel}","templated":true}]}}