{"id":111,"date":"2014-07-09T10:31:16","date_gmt":"2014-07-09T10:31:16","guid":{"rendered":"http:\/\/www.heliovolt.de\/tempratec\/?page_id=111"},"modified":"2014-07-09T13:55:10","modified_gmt":"2014-07-09T13:55:10","slug":"donnees-techniques-c1","status":"publish","type":"page","link":"https:\/\/www.heliovolt.de\/tempratec\/bruleur-c1\/donnees-techniques-c1\/","title":{"rendered":"Donn\u00e9es techniques C1"},"content":{"rendered":"<h1>Les donn\u00e9es techniques du br\u00fbleur polycombustible C1<\/h1>\n<table border=\"0\" summary=\"tab1\" align=\"center\">\n<tbody>\n<tr>\n<td colspan=\"2\" align=\"center\"><img loading=\"lazy\" decoding=\"async\" src=\"http:\/\/www.heliovolt.de\/HVP\/C1_Produ.jpg\" alt=\"br\u00fbleur\" width=\"350\" height=\"174\" \/><\/td>\n<\/tr>\n<p><!--&Uuml;berschrift--><\/p>\n<tr>\n<td colspan=\"2\" align=\"center\">\n<h4>Donn\u00e9es techniques du br\u00fbleur C1<\/h4>\n<\/td>\n<\/tr>\n<tr>\n<td align=\"center\">Type de br\u00fbleur<\/td>\n<td align=\"center\">TEMPRATEC C1<\/td>\n<\/tr>\n<tr>\n<td align=\"center\">Puissance<\/td>\n<td align=\"center\">13 \u00e0 31 kW<\/td>\n<\/tr>\n<tr>\n<td align=\"center\">Consommation fioul EL<\/td>\n<td align=\"center\">1,1 \u00e0 2,6 kg\/h<\/td>\n<\/tr>\n<tr>\n<td align=\"center\">Consommation colza DIN<\/td>\n<td align=\"center\">1,3 \u00e0 2,9 kg\/h<\/td>\n<\/tr>\n<tr>\n<td align=\"center\">Classe NOx<\/td>\n<td align=\"center\">3<\/td>\n<\/tr>\n<tr>\n<td align=\"center\">Puissance \u00e9lectrique<\/td>\n<td align=\"center\">305 W maxi<\/td>\n<\/tr>\n<tr>\n<td align=\"center\">Test\u00e9 selon les normes :<\/td>\n<td align=\"center\">DIN EN 267 (99); 1. BImSchV<\/td>\n<\/tr>\n<\/tbody>\n<\/table>\n","protected":false},"excerpt":{"rendered":"<p>Les donn\u00e9es techniques du br\u00fbleur polycombustible C1 Donn\u00e9es techniques du br\u00fbleur C1 Type de br\u00fbleur TEMPRATEC C1 Puissance 13 \u00e0 31 kW Consommation fioul EL 1,1 \u00e0 2,6 kg\/h Consommation colza DIN 1,3 \u00e0 2,9 kg\/h Classe NOx 3 Puissance \u00e9lectrique 305 W maxi Test\u00e9 selon les normes : DIN EN 267 (99); 1. BImSchV<\/p>\n","protected":false},"author":1,"featured_media":0,"parent":55,"menu_order":0,"comment_status":"closed","ping_status":"closed","template":"","meta":{"footnotes":""},"class_list":["post-111","page","type-page","status-publish","hentry"],"_links":{"self":[{"href":"https:\/\/www.heliovolt.de\/tempratec\/wp-json\/wp\/v2\/pages\/111","targetHints":{"allow":["GET"]}}],"collection":[{"href":"https:\/\/www.heliovolt.de\/tempratec\/wp-json\/wp\/v2\/pages"}],"about":[{"href":"https:\/\/www.heliovolt.de\/tempratec\/wp-json\/wp\/v2\/types\/page"}],"author":[{"embeddable":true,"href":"https:\/\/www.heliovolt.de\/tempratec\/wp-json\/wp\/v2\/users\/1"}],"replies":[{"embeddable":true,"href":"https:\/\/www.heliovolt.de\/tempratec\/wp-json\/wp\/v2\/comments?post=111"}],"version-history":[{"count":4,"href":"https:\/\/www.heliovolt.de\/tempratec\/wp-json\/wp\/v2\/pages\/111\/revisions"}],"predecessor-version":[{"id":174,"href":"https:\/\/www.heliovolt.de\/tempratec\/wp-json\/wp\/v2\/pages\/111\/revisions\/174"}],"up":[{"embeddable":true,"href":"https:\/\/www.heliovolt.de\/tempratec\/wp-json\/wp\/v2\/pages\/55"}],"wp:attachment":[{"href":"https:\/\/www.heliovolt.de\/tempratec\/wp-json\/wp\/v2\/media?parent=111"}],"curies":[{"name":"wp","href":"https:\/\/api.w.org\/{rel}","templated":true}]}}