{"id":114,"date":"2014-07-09T10:31:50","date_gmt":"2014-07-09T10:31:50","guid":{"rendered":"http:\/\/www.heliovolt.de\/tempratec\/?page_id=114"},"modified":"2014-07-09T13:35:32","modified_gmt":"2014-07-09T13:35:32","slug":"puissance-c1","status":"publish","type":"page","link":"https:\/\/www.heliovolt.de\/tempratec\/bruleur-c1\/puissance-c1\/","title":{"rendered":"Puissance C1"},"content":{"rendered":"<h1>Diagramme de puissance du br\u00fbleur \u00e0 huile<\/h1>\n<table border=\"0\" summary=\"tab1\" align=\"center\">\n<tbody>\n<tr>\n<td style=\"text-align: left; padding-left: 30px;\" colspan=\"2\" align=\"center\"><img loading=\"lazy\" decoding=\"async\" src=\"http:\/\/www.heliovolt.de\/HVP\/C1_Produ.jpg\" alt=\"bruleur\" width=\"360\" height=\"190\" \/><\/td>\n<\/tr>\n<tr style=\"padding-left: 30px;\">\n<td style=\"text-align: left; padding-left: 30px;\" colspan=\"2\" align=\"center\"><\/td>\n<\/tr>\n<tr style=\"padding-left: 30px;\">\n<td style=\"text-align: left; padding-left: 30px;\" colspan=\"2\" align=\"center\"><img loading=\"lazy\" decoding=\"async\" src=\"http:\/\/www.heliovolt.de\/HVP\/Leistung.jpg\" alt=\"puissance\" width=\"426\" height=\"355\" \/><\/td>\n<\/tr>\n<p><!--Inhalt, Links und Beschreibungen--><\/p>\n<tr style=\"padding-left: 30px;\">\n<td style=\"text-align: left; padding-left: 30px;\" colspan=\"2\" align=\"center\">\n<h4 style=\"padding-left: 30px;\">Pression du foyer en fonction de la puissance du br\u00fbleur<\/h4>\n<\/td>\n<\/tr>\n<\/tbody>\n<\/table>\n<p>&nbsp;<\/p>\n","protected":false},"excerpt":{"rendered":"<p>Diagramme de puissance du br\u00fbleur \u00e0 huile Pression du foyer en fonction de la puissance du br\u00fbleur &nbsp;<\/p>\n","protected":false},"author":1,"featured_media":0,"parent":55,"menu_order":0,"comment_status":"closed","ping_status":"closed","template":"","meta":{"footnotes":""},"class_list":["post-114","page","type-page","status-publish","hentry"],"_links":{"self":[{"href":"https:\/\/www.heliovolt.de\/tempratec\/wp-json\/wp\/v2\/pages\/114","targetHints":{"allow":["GET"]}}],"collection":[{"href":"https:\/\/www.heliovolt.de\/tempratec\/wp-json\/wp\/v2\/pages"}],"about":[{"href":"https:\/\/www.heliovolt.de\/tempratec\/wp-json\/wp\/v2\/types\/page"}],"author":[{"embeddable":true,"href":"https:\/\/www.heliovolt.de\/tempratec\/wp-json\/wp\/v2\/users\/1"}],"replies":[{"embeddable":true,"href":"https:\/\/www.heliovolt.de\/tempratec\/wp-json\/wp\/v2\/comments?post=114"}],"version-history":[{"count":8,"href":"https:\/\/www.heliovolt.de\/tempratec\/wp-json\/wp\/v2\/pages\/114\/revisions"}],"predecessor-version":[{"id":159,"href":"https:\/\/www.heliovolt.de\/tempratec\/wp-json\/wp\/v2\/pages\/114\/revisions\/159"}],"up":[{"embeddable":true,"href":"https:\/\/www.heliovolt.de\/tempratec\/wp-json\/wp\/v2\/pages\/55"}],"wp:attachment":[{"href":"https:\/\/www.heliovolt.de\/tempratec\/wp-json\/wp\/v2\/media?parent=114"}],"curies":[{"name":"wp","href":"https:\/\/api.w.org\/{rel}","templated":true}]}}